 is divided by 81?
50
What is the remainder when 14389 is divided by 1178?
253
What is the remainder when 228510 is divided by 822?
816
Calculate the remainder when 76816 is divided by 38394.
28
What is the remainder when 2723 is divided by 24?
11
Calculate the remainder when 32494 is divided by 57.
4
What is the remainder when 65868 is divided by 46?
42
What is the remainder when 334787 is divided by 279?
266
Calculate the remainder when 2732 is divided by 95.
72
Calculate the remainder when 1504 is divided by 369.
28
What is the remainder when 3028 is divided by 140?
88
Calculate the remainder when 84712 is divided by 96.
40
What is the remainder when 212480 is divided by 196?
16
What is the remainder when 9370 is divided by 193?
106
Calculate the remainder when 288 is divided by 186.
102
Calculate the remainder when 3895 is divided by 238.
87
What is the remainder when 143374 is divided by 71679?
16
Calculate the remainder when 4323 is divided by 1386.
165
Calculate the remainder when 17937 is divided by 105.
87
Calculate the remainder when 23768 is divided by 192.
152
Calculate the remainder when 10560 is divided by 118.
58
Calculate the remainder when 3213 is divided by 148.
105
What is the remainder when 12787 is divided by 191?
181
What is the remainder when 75676 is divided by 310?
36
Calculate the remainder when 43458 is divided by 14452.
102
Calculate the remainder when 45949 is divided by 15260.
169
What is the remainder when 5184262 is divided by 76?
74
What is the remainder when 64058 is divided by 47?
44
What is the remainder when 88503 is divided by 17700?
3
Calculate the remainder when 6920 is divided by 6867.
53
Calculate the remainder when 2309 is divided by 95.
29
Calculate the remainder when 12634 is divided by 156.
154
Calculate the remainder when 49621 is divided by 49.
33
What is the remainder when 14943 is divided by 722?
503
What is the remainder when 3499 is divided by 134?
15
Calculate the remainder when 427 is divided by 95.
47
Calculate the remainder when 98369 is divided by 64.
1
Calculate the remainder when 227907 is divided by 13.
4
Calculate the remainder when 7082 is divided by 106.
86
What is the remainder when 611 is divided by 610?
1
What is the remainder when 4164 is divided by 106?
30
Calculate the remainder when 2331 is divided by 577.
23
What is the remainder when 279089 is divided by 44?
41
Calculate the remainder when 157450 is divided by 78703.
44
Calculate the remainder when 9947 is divided by 263.
216
Calculate the remainder when 27145 is divided by 1521.
1288
Calculate the remainder when 22114 is divided by 316.
310
What is the remainder when 7624 is divided by 585?
19
Calculate the remainder when 70159 is divided by 14019.
64
Calculate the remainder when 29901 is divided by 277.
262
Calculate the remainder when 427715 is divided by 83.
16
What is the remainder when 723376 is divided by 35?
31
Calculate the remainder when 42502 is divided by 24.
22
What is the remainder when 128937 is divided by 107?
2
Calculate the remainder when 35054 is divided by 369.
368
What is the remainder when 943305 is divided by 50?
5
Calculate the remainder when 10075 is divided by 2518.
3
What is the remainder when 3068 is divided by 1528?
12
What is the remainder when 53432 is divided by 848?
8
What is the remainder when 57570 is divided by 57531?
39
What is the remainder when 39129 is divided by 3557?
2
Calculate the remainder when 6674 is divided by 215.
9
What is the remainder when 241644 is divided by 93?
30
What is the remainder when 39725 is divided by 323?
319
Calculate the remainder when 12711 is divided by 113.
55
What is the remainder when 17097 is divided by 182?
171
Calculate the remainder when 450426 is divided by 149.
148
What is the remainder when 2634 is divided by 55?
49
What is the remainder when 1221787 is divided by 11?
6
What is the remainder when 3067649 is divided by 1022549?
2
Calculate the remainder when 7257 is divided by 2410.
27
What is the remainder when 139 is divided by 120?
19
Calculate the remainder when 5361 is divided by 1061.
56
What is the remainder when 12685 is divided by 755?
605
Calculate the remainder when 1459397 is divided by 17.
15
Calculate the remainder when 78508 is divided by 62.
16
Calculate the remainder when 1211 is divided by 729.
482
Calculate the remainder when 9074 is divided by 4536.
2
What is the remainder when 2703 is divided by 2665?
38
Calculate the remainder when 19095 is divided by 281.
268
What is the remainder when 7359 is divided by 71?
46
Calculate the remainder when 1648 is divided by 289.
203
Calculate the remainder when 19183 is divided by 9518.
147
What is the remainder when 13137 is divided by 1485?
1257
Calculate the remainder when 444 is divided by 198.
48
What is the remainder when 8627 is divided by 1724?
7
Calculate the remainder when 72932 is divided by 12.
8
What is the remainder when 6786 is divided by 1696?
2
Calculate the remainder when 79759 is divided by 30.
19
What is the remainder when 25273 is divided by 6316?
9
Calculate the remainder when 10934 is divided by 102.
20
Calculate the remainder when 265089 is divided by 49.
48
Calculate the remainder when 344418 is divided by 22.
8
Calculate the remainder when 1193 is divided by 718.
475
What is the remainder when 3243 is divided by 573?
378
What is the remainder when 2379 is divided by 115?
79
What is the remainder when 158 is divided by 123?
35
Calculate the remainder when 2596 is divided by 29.
15
What is the remainder when 4505 is divided by 2130?
245
What is the remainder when 36384 is divided by 14?
12
What is the remainder when 2769 is divided by 309?
297
What is the remainder when 1979587 is divided by 48?
19
Calculate the remainder when 20007 is divided by 5.
2
What is the remainder when 777853 is divided by 388905?
43
Calculate the remainder when 4717 is divided by 7.
6
Calculate the remainder when 187090 is divided by 23.
8
What is the remainder when 1131 is divided by 180?
51
What is the remainder when 385306 is divided by 53?
49
Calculate the remainder when 2487 is divided by 2194.
293
What is the remainder when 887 is divided by 622?
265
What is the remainder when 118099 is divided by 266?
261
What is the remainder when 703 is divided by 153?
91
What is the remainder when 13775 is divided by 689?
684
Calculate the remainder when 5049 is divided by 312.
57
What is the remainder when 1727 is divided by 832?
63
What is the remainder when 51479 is divided by 1389?
86
What is the remainder when 81485 is divided by 5?
0
What is the remainder when 4354 is divided by 366?
328
Calculate the remainder when 6411 is divided by 321.
312
What is the remainder when 3305 is divided by 904?
593
What is the remainder when 47429 is divided by 9468?
89
What is the remainder when 155366 is divided by 3?
2
What is the remainder when 5089 is divided by 632?
33
What is the remainder when 509622 is divided by 15?
12
What is the remainder when 516813 is divided by 148?
145
Calculate the remainder when 61715 is divided by 20545.
80
What is the remainder when 2972 is divided by 46?
28
What is the remainder when 1022 is divided by 141?
35
Calculate the remainder when 168236 is divided by 16.
12
What is the remainder when 352819 is divided by 991?
23
Calculate the remainder when 2298 is divided by 752.
42
Calculate the remainder when 382216 is divided by 580.
576
Calculate the remainder when 1194940 is divided by 42.
40
What is the remainder when 3453 is divided by 849?
57
Calculate the remainder when 1017 is divided by 127.
1
What is the remainder when 1490831 is divided by 29?
28
What is the remainder when 551367 is divided by 328?
327
What is the remainder when 120559 is divided by 36?
31
Calculate the remainder when 180 is divided by 5.
0
Calculate the remainder when 62895 is divided by 100.
95
What is the remainder when 30297 is divided by 2537?
2390
What is the remainder when 2005670 is divided by 668556?
2
Calculate the remainder when 109105 is divided by 887.
4
What is the remainder when 74553 is divided by 155?
153
Calculate the remainder when 2581236 is divided by 20.
16
What is the remainder when 321569 is divided by 80392?
1
Calculate the remainder when 21956 is divided by 72.
68
Wha